{"id":246,"date":"2023-03-15T04:35:20","date_gmt":"2023-03-15T01:35:20","guid":{"rendered":"https:\/\/www.kucukgeris.net\/?page_id=246"},"modified":"2023-03-15T04:42:55","modified_gmt":"2023-03-15T01:42:55","slug":"fatih-aydin","status":"publish","type":"page","link":"https:\/\/www.kucukgeris.net\/?page_id=246","title":{"rendered":"Fatih Ayd\u0131n"},"content":{"rendered":"\n<div class=\"wp-block-columns is-layout-flex wp-container-core-columns-is-layout-9d6595d7 wp-block-columns-is-layout-flex\">\n<div class=\"wp-block-column is-layout-flow wp-block-column-is-layout-flow\" style=\"flex-basis:5%\"><\/div>\n\n\n\n<div class=\"wp-block-column is-layout-flow wp-block-column-is-layout-flow\" style=\"flex-basis:90%\"><div class=\"wp-block-image\">\n<figure class=\"aligncenter size-large\"><img decoding=\"async\" src=\"https:\/\/www.kucukgeris.net\/iz\/deger\/fa15032023f1.jpg\" alt=\"Kurucu m\u00fcd\u00fcr olarak zor bir g\u00f6revi ba\u015far\u0131yla ifa eden Fatih Ayd\u0131n, e\u011fitimde \u00e7\u0131tay\u0131 y\u00fckseltmesiyle \u00f6\u011frenciler iddial\u0131 liseleri kazand\u0131.\"\/><figcaption class=\"wp-element-caption\"><em><strong>Kurucu m\u00fcd\u00fcr olarak zor bir g\u00f6revi ba\u015far\u0131yla ifa eden Fatih Ayd\u0131n, e\u011fitimde \u00e7\u0131tay\u0131 y\u00fckseltmesiyle \u00f6\u011frenciler iddial\u0131 liseleri kazand\u0131.<\/strong><\/em><\/figcaption><\/figure>\n<\/div><\/div>\n\n\n\n<div class=\"wp-block-column is-layout-flow wp-block-column-is-layout-flow\" style=\"flex-basis:5%\"><\/div>\n<\/div>\n\n\n\n<div class=\"wp-block-columns is-layout-flex wp-container-core-columns-is-layout-9d6595d7 wp-block-columns-is-layout-flex\">\n<div class=\"wp-block-column is-layout-flow wp-block-column-is-layout-flow\" style=\"flex-basis:33.33%\"><div class=\"wp-block-image\">\n<figure class=\"aligncenter size-large\"><img decoding=\"async\" src=\"https:\/\/www.kucukgeris.net\/iz\/deger\/fa15032023f2.jpg\" alt=\"Fatih Ayd\u0131n\"\/><figcaption class=\"wp-element-caption\"><em><strong>Fatih Ayd\u0131n<\/strong><\/em><\/figcaption><\/figure>\n<\/div>\n\n\n<p class=\"has-black-color has-text-color has-medium-font-size\">K\u00f6y okulumuzun yeniden in\u015fas\u0131ndan sonra K\u00fc\u00e7\u00fckgeri\u015f K\u00f6y\u00fc H\u00fcseyin G\u00fcnayd\u0131n \u0130lk\u00f6\u011fretim Okulumuzda 2003 &#8211; 2006 e\u011fitim &#8211; \u00f6\u011fretim y\u0131llar\u0131nda kurucu m\u00fcd\u00fcr olarak zor bir g\u00f6rev \u00fcstlenen Fatih Ayd\u0131n, \u00f6zverili \u00e7al\u0131\u015fmalar\u0131yla ba\u015far\u0131l\u0131 hizmetlerde bulundu. Okulumuzun geli\u015fimine ve \u00f6\u011frencilerin ba\u015far\u0131s\u0131nda b\u00fcy\u00fck katk\u0131lar\u0131 olan sevgili Fatih Ayd\u0131n Bey\u2019e g\u00f6n\u00fcl dolusu te\u015fekk\u00fcrlerimizi ve sevgilerimizi g\u00f6nderiyoruz.<\/p>\n<\/div>\n\n\n\n<div class=\"wp-block-column has-white-color has-text-color has-background is-layout-flow wp-block-column-is-layout-flow\" style=\"background-color:#dcdcdc;flex-basis:66.66%;padding-top:25px;padding-left:25px;padding-right:15px;border:1px solid #999;box-shadow:0 4px 8px 0 #111;\">\n\n<p class=\"has-black-color has-text-color has-medium-font-size\">1967 y\u0131l\u0131nda Giresun\u2019un Ke\u015fap \u0130l\u00e7esi\u2019nin Dokuztepe (Eng\u00fcz) K\u00f6y\u00fc\u2019nde do\u011fan K\u00fc\u00e7\u00fckgeri\u015f H\u00fcseyin G\u00fcnayd\u0131n \u0130lk\u00f6\u011fretim Okulu M\u00fcd\u00fcr\u00fcm\u00fcz Fatih Ayd\u0131n; ilk, orta ve lise e\u011fitimini Ke\u015fap \u0130l\u00e7esi\u2019nde ald\u0131ktan sonra Erzurum Atat\u00fcrk \u00dcniversitesi Biyoloji B\u00f6l\u00fcm\u00fc\u2019n\u00fc kazand\u0131. Daha sonra Karadeniz Teknik \u00dcniversitesi S\u0131n\u0131f \u00d6\u011fretmenli\u011fi B\u00f6l\u00fcm\u00fc\u2019n\u00fc bitiren Ayd\u0131n, 1990 y\u0131l\u0131nda Siirt\u2019in Pervari \u0130l\u00e7esi\u2019nde \u00f6\u011fretmenlik hayat\u0131na ba\u015flad\u0131. S\u0131ras\u0131yla Giresun Tirebolu (1992 &#8211; 1994), Erzurum Horasan (1994 &#8211; 1995), Giresun Do\u011fankent (1995 &#8211; 1996), Giresun Ke\u015fap \u00c7aml\u0131ca \u0130lk\u00f6\u011fretim Okulu\u2019nda (1996 &#8211; 1998) g\u00f6rev yapt\u0131.<\/p>\n\n\n<div class=\"wp-block-columns is-layout-flex wp-container-core-columns-is-layout-9d6595d7 wp-block-columns-is-layout-flex\">\n\n<div class=\"wp-block-column is-layout-flow wp-block-column-is-layout-flow\"><\/div>\n\n<\/div>\n\n\n<p class=\"has-black-color has-text-color has-medium-font-size\">1998 y\u0131l\u0131nda s\u0131n\u0131f \u00f6\u011fretmeni olarak atand\u0131\u011f\u0131 K\u00fc\u00e7\u00fckgeri\u015f H\u00fcseyin G\u00fcnayd\u0131n \u0130lk\u00f6\u011fretim Okulumuzda 2003 &#8211; 2006 y\u0131llar\u0131 aras\u0131nda kurucu m\u00fcd\u00fcr olarak g\u00f6rev yapan Fatih Ayd\u0131n, 2003 y\u0131l\u0131 i\u00e7erisinde Anadolu \u00dcniversitesi Lisans Tamamlama Program\u0131 T\u00fcrk\u00e7e \u00d6\u011fretmenli\u011fi B\u00f6l\u00fcm\u00fc\u2019n\u00fc bitirdi ve ayn\u0131 y\u0131l uzman \u00f6\u011fretmen olma ba\u015far\u0131s\u0131n\u0131 da g\u00f6sterdi.<\/p>\n\n\n<div class=\"wp-block-columns is-layout-flex wp-container-core-columns-is-layout-9d6595d7 wp-block-columns-is-layout-flex\">\n\n<div class=\"wp-block-column is-layout-flow wp-block-column-is-layout-flow\"><\/div>\n\n<\/div>\n\n\n<p class=\"has-black-color has-text-color has-medium-font-size\">2007 e\u011fitim &#8211; \u00f6\u011fretim y\u0131l\u0131 i\u00e7erisinde Ke\u015fap \u015eehit Serkan Y\u0131lmaz Anaokulu\u2019na kurucu m\u00fcd\u00fcr olarak tayini \u00e7\u0131kan Ayd\u0131n, 3 y\u0131l burada g\u00f6rev yapt\u0131ktan sonra tekrar k\u00f6y\u00fcm\u00fcz K\u00fc\u00e7\u00fckgeri\u015f H\u00fcseyin G\u00fcnayd\u0131n \u0130lk\u00f6\u011fretim Okulu\u2019na 2009 &#8211; 2010 e\u011fitim &#8211; \u00f6\u011fretim y\u0131l\u0131 i\u00e7erisinde m\u00fcd\u00fcr olarak atand\u0131. 2014 y\u0131l\u0131nda \u00f6\u011frenci azl\u0131\u011f\u0131ndan dolay\u0131 ta\u015f\u0131mal\u0131 e\u011fitime ge\u00e7ilmesi nedeniyle kapanan K\u00fc\u00e7\u00fckgeri\u015f H\u00fcseyin G\u00fcnayd\u0131n \u0130lk\u00f6\u011fretim Okulumuzda m\u00fcd\u00fcrl\u00fck g\u00f6revini ba\u015far\u0131yla yapan Fatih Ayd\u0131n, evli ve \u00fc\u00e7 \u00e7ocuk babas\u0131d\u0131r. Daha sonra Ke\u015fap \u00d6\u011fretmenevi ve Ak\u015fam Sanat Okulu\u2019nda atanan Ayd\u0131n, halen burada m\u00fcd\u00fcrl\u00fck g\u00f6revini s\u00fcrd\u00fcrmektedir.<\/p>\n\n<\/div>\n<\/div>\n\n\n\n<div class=\"wp-block-columns is-layout-flex wp-container-core-columns-is-layout-9d6595d7 wp-block-columns-is-layout-flex\">\n<div class=\"wp-block-column is-layout-flow wp-block-column-is-layout-flow\"><\/div>\n<\/div>\n\n\n\n<div class=\"wp-block-columns is-layout-flex wp-container-core-columns-is-layout-9d6595d7 wp-block-columns-is-layout-flex\">\n<div class=\"wp-block-column is-layout-flow wp-block-column-is-layout-flow\" style=\"flex-basis:10%\"><\/div>\n\n\n\n<div class=\"wp-block-column is-layout-flow wp-block-column-is-layout-flow\" style=\"flex-basis:80%\"><div class=\"wp-block-image\">\n<figure class=\"aligncenter size-large\"><img decoding=\"async\" src=\"https:\/\/www.kucukgeris.net\/iz\/deger\/fa15032023f3.jpg\" alt=\"1998 y\u0131l\u0131nda s\u0131n\u0131f \u00f6\u011fretmeni olarak k\u00f6y\u00fcm\u00fcze atanan Fatih Ayd\u0131n, 2003\u2019te kurucu m\u00fcd\u00fcr ve 2009\u2019da m\u00fcd\u00fcr olarak g\u00f6rev yapt\u0131.\"\/><figcaption class=\"wp-element-caption\"><strong><em>1998 y\u0131l\u0131nda s\u0131n\u0131f \u00f6\u011fretmeni olarak k\u00f6y\u00fcm\u00fcze atanan Fatih Ayd\u0131n, 2003\u2019te kurucu m\u00fcd\u00fcr ve 2009\u2019da m\u00fcd\u00fcr olarak g\u00f6rev yapt\u0131.<\/em><\/strong><\/figcaption><\/figure>\n<\/div><\/div>\n\n\n\n<div class=\"wp-block-column is-layout-flow wp-block-column-is-layout-flow\" style=\"flex-basis:10%\"><\/div>\n<\/div>\n\n\n\n<div class=\"wp-block-columns is-layout-flex wp-container-core-columns-is-layout-9d6595d7 wp-block-columns-is-layout-flex\">\n<div class=\"wp-block-column is-layout-flow wp-block-column-is-layout-flow\"><\/div>\n<\/div>\n\n\n\n<div class=\"wp-block-columns is-layout-flex wp-container-core-columns-is-layout-9d6595d7 wp-block-columns-is-layout-flex\">\n<div class=\"wp-block-column is-layout-flow wp-block-column-is-layout-flow\" style=\"flex-basis:10%\"><\/div>\n\n\n\n<div class=\"wp-block-column is-layout-flow wp-block-column-is-layout-flow\" style=\"flex-basis:80%\"><div class=\"wp-block-image\">\n<figure class=\"aligncenter size-large\"><img decoding=\"async\" src=\"https:\/\/www.kucukgeris.net\/iz\/deger\/fa15032023f4.jpg\" alt=\"\u00d6\u011frenci azl\u0131\u011f\u0131ndan dolay\u0131 k\u00f6y okulumuzun kapanmas\u0131ndan sonra Fatih Ayd\u0131n, Ke\u015fap \u00d6\u011fretmenevi ve Ak\u015fam Sanat Okulu\u2019na m\u00fcd\u00fcr olarak g\u00f6revlendirildi.\"\/><figcaption class=\"wp-element-caption\"><strong><em>\u00d6\u011frenci azl\u0131\u011f\u0131ndan dolay\u0131 k\u00f6y okulumuzun kapanmas\u0131ndan sonra Fatih Ayd\u0131n, Ke\u015fap \u00d6\u011fretmenevi ve Ak\u015fam Sanat Okulu\u2019na m\u00fcd\u00fcr olarak atand\u0131.<\/em><\/strong><\/figcaption><\/figure>\n<\/div><\/div>\n\n\n\n<div class=\"wp-block-column is-layout-flow wp-block-column-is-layout-flow\" style=\"flex-basis:10%\"><\/div>\n<\/div>\n","protected":false},"excerpt":{"rendered":"<p>K\u00f6y okulumuzun yeniden in\u015fas\u0131ndan sonra K\u00fc\u00e7\u00fckgeri\u015f K\u00f6y\u00fc H\u00fcseyin G\u00fcnayd\u0131n \u0130lk\u00f6\u011fretim Okulumuzda 2003 &#8211; 2006 e\u011fitim &#8211; \u00f6\u011fretim y\u0131llar\u0131nda kurucu m\u00fcd\u00fcr olarak zor bir g\u00f6rev \u00fcstlenen Fatih Ayd\u0131n, \u00f6zverili \u00e7al\u0131\u015fmalar\u0131yla ba\u015far\u0131l\u0131 hizmetlerde bulundu. Okulumuzun geli\u015fimine ve \u00f6\u011frencilerin ba\u015far\u0131s\u0131nda b\u00fcy\u00fck katk\u0131lar\u0131 olan sevgili Fatih Ayd\u0131n Bey\u2019e g\u00f6n\u00fcl dolusu te\u015fekk\u00fcrlerimizi ve sevgilerimizi g\u00f6nderiyoruz. 1967 y\u0131l\u0131nda Giresun\u2019un Ke\u015fap \u0130l\u00e7esi\u2019nin<\/p>\n","protected":false},"author":1,"featured_media":0,"parent":0,"menu_order":0,"comment_status":"closed","ping_status":"closed","template":"page-fullwidth.php","meta":{"footnotes":""},"class_list":["post-246","page","type-page","status-publish","hentry"],"_links":{"self":[{"href":"https:\/\/www.kucukgeris.net\/index.php?rest_route=\/wp\/v2\/pages\/246","targetHints":{"allow":["GET"]}}],"collection":[{"href":"https:\/\/www.kucukgeris.net\/index.php?rest_route=\/wp\/v2\/pages"}],"about":[{"href":"https:\/\/www.kucukgeris.net\/index.php?rest_route=\/wp\/v2\/types\/page"}],"author":[{"embeddable":true,"href":"https:\/\/www.kucukgeris.net\/index.php?rest_route=\/wp\/v2\/users\/1"}],"replies":[{"embeddable":true,"href":"https:\/\/www.kucukgeris.net\/index.php?rest_route=%2Fwp%2Fv2%2Fcomments&post=246"}],"version-history":[{"count":0,"href":"https:\/\/www.kucukgeris.net\/index.php?rest_route=\/wp\/v2\/pages\/246\/revisions"}],"wp:attachment":[{"href":"https:\/\/www.kucukgeris.net\/index.php?rest_route=%2Fwp%2Fv2%2Fmedia&parent=246"}],"curies":[{"name":"wp","href":"https:\/\/api.w.org\/{rel}","templated":true}]}}